uppose w + h = 5*g, -5*w + 4 = -3*g - 10. Suppose 4*b = g*b + 5442. Is b prime?
False
Let o = 91062 - 55993. Is o a composite number?
False
Suppose -2*f - 6305 = 3*g - 2268, -4*g = -5*f - 10104. Let h be (0 - 1)/((-6)/17550). Let x = h + f. Is x a prime number?
False
Let p(k) = 9504*k**2 + 12*k - 23. Is p(2) a prime number?
False
Suppose 5*a = 2*a. Suppose a = -40*f + 33*f + 5362. Let o = 1323 - f. Is o prime?
True
Let m(p) = -4*p**3 + 3*p**2 - 4*p + 6. Let i be ((-4)/10)/((-6)/45). Suppose s - 8 = i*s. Is m(s) prime?
False
Let z be (18/4)/((-5)/20). Let q be (3*2/z)/((-1)/6). Suppose 0 = -q*p - j + 841, -3*j = -4*p + 827 + 840. Is p a prime number?
True
Let y(z) be the first derivative of z**4/2 - 7*z**3/3 - z**2 + 10*z - 4. Let b = -4 + 11. Is y(b) prime?
False
Suppose -n = h - 3*h + 62569, -3*n + 9 = 0. Suppose -7594 = -5*o + h. Suppose o = 3*j + 1311. Is j composite?
True
Let u be 5*((-6)/(-21) - (-185112)/(-210)). Is 6*70/(-15)*u/8 a prime number?
False
Suppose 42*l - 4190261 - 438397 = 7443696. Is l prime?
True
Is 43/((-860)/(-1693440)) - (-12 + 1) a composite number?
True
Let r(v) = 1118*v - 9. Suppose 0 = 3*c + 26*i - 28*i - 8, -3*i = 3*c - 3. Is r(c) a prime number?
False
Let c(d) = -18*d**3 + 8*d**2 + 17. Suppose 17*x + 167 - 65 = 0. Is c(x) prime?
False
Let a(w) = -696*w**3 + 40*w**2 - 50*w + 75. Is a(-9) a prime number?
False
Let k = 7645 - 7502. Is k a composite number?
True
Suppose 254598 = o - i, -1018352 = -4*o - 3*i - i. Is o a composite number?
False
Let i(y) = -345*y - 113. Let u be i(8). Let r = u + 5364. Is r composite?
True
Let p = 36830 + -19112. Let v be 4 + (-40)/4 - -38. Suppose -26*o - p = -v*o. Is o prime?
True
Is 156846*11/(-154)*-7 composite?
True
Let u(q) = 54830*q**3 + 2*q**2 + 518*q - 1565. Is u(3) a prime number?
True
Suppose 4*x - 2*u + 44 = 0, 3*x + 85*u = 88*u - 39. Is (x + 7)*(-131)/2 a composite number?
False
Let w = 741820 + -377199. Is w prime?
True
Suppose -20 = -4*i, 0 = 4*u + u + 2*i. Is ((-743)/2)/(u/(6 - 2)) a composite number?
False
Let s = -38 - -40. Let v(y) = 2024*y**3 - 10*y + 11. Is v(s) a composite number?
False
Suppose 0 = -b - 3*q - 158 + 5742, -3*b + 16739 = -4*q. Is b a composite number?
False
Let o = 142670 + -67899. Is o composite?
False
Suppose 3*t - t + 3567 = -c, 5*t + 8919 = -4*c. Let p = 4220 + t. Is p a composite number?
False
Let j = 2404994 - 1515683. Is j a composite number?
True
Let s = 12135 + -6067. Suppose -21*d + s + 12349 = 0. Is d prime?
True
Is ((-14)/(-4))/(-7) - (1875280/(-32) - -1) prime?
True
Suppose 106*p + 4*u - 604820 = 102*p, -4*u = -4*p + 604788. Is p a prime number?
True
Let r = 8 - -40. Let k = -47 + r. Is k + 676 + 3 + -1 a composite number?
True
Let d be 60/(-100) + 93/5. Is ((-12)/d - 0)/((-4)/6810) a composite number?
True
Let c = 0 + 0. Suppose -4*x - 3*j = -c*j - 8479, 5*x + 4*j = 10598. Is x a prime number?
False
Let t(m) = 103*m + 55. Let r(y) = -3*y. Let z(l) = 2*r(l) - t(l). Is z(-18) a prime number?
True
Let r be (-2 - -2113) + (-4)/2. Let v(h) = -7*h**3 + 6*h**2 - h + 46. Let f be v(6). Let a = f + r. Is a composite?
False
Let s(d) = d**2 + 21*d + 26. Let g be s(-20). Let i(u) = -4*u + 38. Let q be i(g). Is (-35)/q*(392/(-10))/2 a composite number?
True
Let j = -132054 - -552905. Is j a prime number?
True
Let p = -52 - -67. Suppose 5*q + p = 0, 6*t = 4*t - q + 27. Suppose 3*m - t = 0, 37 = s - 3*m - 97. Is s prime?
True
Let k(i) = 94068*i**2 - 106*i - 237. Is k(-5) a prime number?
False
Is (-42)/(-294) + 238536/21 prime?
False
Let z = -625572 + 1086519. Is z a prime number?
False
Suppose -y + 2994 = -2156. Suppose 0 = -3*c + 3*p + 13500, 3846 = 2*c - 4*p - y. Is c prime?
False
Let j = 825 + 1738. Let g = 1147 - 759. Let w = g + j. Is w prime?
False
Let m = -260 + 264. Let l(h) = 193*h**2 - 4*h + 37. Is l(m) composite?
False
Suppose l + 5*s + 245087 - 704829 = 0, l + 3*s - 459748 = 0. Is l a composite number?
True
Suppose -r + 6 = 2*r. Let t be r/10*5 - -1. Let b(w) = 24*w**2 + 1. Is b(t) a prime number?
True
Suppose 5*w - 4*n - 1197710 = 0, -3*w - 16*n = -9*n - 718626. Is w composite?
True
Is ((-4)/7)/(3/7) + 1023139/39 a prime number?
False
Let c(w) = 69*w. Let b be c(-4). Let d(v) = -25*v + 55. Let p be d(8). Let r = p - b. Is r a prime number?
True
Let s = 17 - 8. Suppose -4*f - u = -f - 19, 3*u + s = 2*f. Is 23/((8/12)/(92/f)) a prime number?
False
Let b = -3590 - -1790. Let s = b - -4333. Is s a prime number?
False
Suppose -80*h + 23612331 = -21*h. Is h prime?
False
Suppose w - 2 = 3, 5*w = -4*u + 447217. Is (-2)/9 + (3 - u/(-81)) a composite number?
True
Let b = 3 + 52. Suppose 12*d = 17*d + b. Let v(t) = -t**3 - 7*t**2 + 11*t - 16. Is v(d) prime?
True
Suppose 0*f + 83 = 4*v - f, -3*v + 5*f = -75. Let l be ((2 + 0)/2)/(4/v). Suppose -3600 = -d - l*y, 0 = -d + 6*d + y - 17976. Is d a composite number?
True
Let m be (35/(-10) + 3)*(-2 - 512). Let p = m - 176. Let n = -22 + p. Is n a prime number?
True
Let i = -50 - -50. Suppose i = -3*p + 3, -5*h - 5*p + 25 = -h. Is 1/h - 64548/(-110) a prime number?
True
Is (-2488029)/(-10) - ((-240)/(-15))/(-160) composite?
True
Let q = 3360429 - 2013922. Is q composite?
True
Let b(l) = -11418*l + 60. Let z(d) = -5708*d + 31. Let t(n) = 2*b(n) - 5*z(n). Is t(3) prime?
True
Let w(p) = -264*p - 45. Let t be w(-31). Let l = t - 5120. Is l prime?
True
Let a = -918636 + 1303807. Is a a composite number?
False
Let v(o) = -3*o - 16. Let f be v(-4). Let h(r) = r**3 + 5*r**2 + 2*r - 3. Let t be h(f). Let d(y) = 23*y. Is d(t) a composite number?
True
Suppose 2*t - 7 + 4 = -j, -3*j = -t - 9. Suppose 3*w + k = j*k + 914, -2*k - 310 = -w. Let l = 401 + w. Is l prime?
False
Is 18463/(-21 + 21 - -1) prime?
False
Is ((-87706)/(-4))/((-20)/(-35) + (-1054)/2604) prime?
False
Let h be (1/3 + -2)*-29805. Suppose -102*l = -107*l + h. Is l a composite number?
True
Suppose 101614 = 6*q + 27208. Let i = q - 21213. Is (i/6)/((-24)/36) composite?
False
Is 35/28 + 897399/36 prime?
False
Let a = -1082 + 2172. Is -7 - -2 - (-5 - -3 - a) a prime number?
True
Suppose 0 = -104*m + 103*m + 79359. Suppose m = 16*d + 5*d. Is d a prime number?
True
Let f be -2 + -1 + (-60)/(-15) + 0. Is (f/6 + (-17)/(-51))*20588 composite?
True
Let z(r) = r**2 - 7*r + 10. Let q(n) = 4*n**2 - 5*n. Let k be q(2). Let f be z(k). Is (-316)/(2 - 6) + f a composite number?
False
Let a be (-2)/(-2)*487*5. Suppose 160*t - a = 155*t. Is t prime?
True
Let a(l) = 29*l + 753. Is a(16) a composite number?
False
Let z = -51754 - -78945. Is z a composite number?
False
Let d(s) = s**3 - 16*s**2 + 12*s + 34. Let y be d(15). Let i(w) = -98*w**3 + 6*w**2 + 5*w + 94. Is i(y) a prime number?
True
Let a = -3316 - -3305. Let u(x) be the second derivative of x**5/20 + 7*x**4/6 - x**3/2 - 17*x**2/2 + 2*x. Is u(a) a composite number?
False
Suppose 1 = t, -y - 2*t = -6*y + 28. Let i(f) = 459*f**2 - 17*f + 71. Is i(y) a composite number?
False
Let q be (-3)/(-3) + 6*-1664. Let f = -5986 - q. Is f composite?
True
Suppose 64*v - 119*v - 419684 = -59*v. Is v a prime number?
False
Let f(q) = q**2 + 4*q - 41. Let z be f(-19). Let s = z + 646. Is (3/6 + 0)/(5/s) prime?
True
Suppose 0 = h - 4*v - 4 + 7, 5*h = 3*v + 19. Suppose -10 = -2*d - o - o, o + h = 4*d. Suppose d*t + 2*q = -2*t + 1322, -5*q = 3*t - 1002. Is t prime?
False
Suppose 4*y = f + 2976, y - f - 260 = 487. Is y a composite number?
False
Let c(d) = 2*d**2 - 26*d + 24. Let x be c(12). Suppose 4*j - 3*k - 3032 = 0, 4*j + x*k - 3032 = 4*k. Is j a prime number?
False
Let m = -52 - -60. Let l be 2346/4*((-96)/(-9))/m. Let w = l - 291. Is w prime?
True
Suppose -32050 - 165365 = -5*d. Suppose -5*n = 3*b + 2*b - 65800, 3*n = -4*b + d. Is n a composite number?
True
Let y(q) = q**3 + 8*q**2 - 23*q - 18. Let n be y(-10). Is (-9)/(-54) - (-36226)/n prime?
True
Suppose -3*o + 153 = g, 0 = 5*g - 0*o - 2*o - 731. Let x = -4 - -2. Let a = g - x. Is a a prime number?
True
Let l(m) = -m**2 - 13*m - 17. Let p(c) = c + 1. Let k(s) = l(s) + 6*p(s). Let w be k(-5). Is (1*3739)/(w/(-2 - -1)) prime?
True
Let l(s) = 10*s**2 - 7*s + 38. Let j = 48 + -39. Is l(j) prime?
False
Let l be (-96)/15 - (-4)/10. Let i be (-8 - l) + (-10)/2. Is 5 + i - -11*3 prime?
True
Suppose 2*q = v - 48, 0 = -4*v - 2*q + 137 + 15. Suppose -495213 = v*d - 63*d. Is d a prime 